{"id":21610,"date":"2022-11-05T20:38:52","date_gmt":"2022-11-05T19:38:52","guid":{"rendered":"https:\/\/www.studenten-power.de\/nrw\/leistungen\/hotelaufloesung-nrw\/"},"modified":"2026-01-10T12:28:00","modified_gmt":"2026-01-10T11:28:00","slug":"hotelaufloesung-nrw","status":"publish","type":"page","link":"https:\/\/www.studenten-power.de\/nrw\/leistungen\/hotelaufloesung-nrw\/","title":{"rendered":"Hotelaufl\u00f6sung in Bochum, D\u00fcsseldorf und Dortmund"},"content":{"rendered":"\n<div class=\"wp-block-uagb-container uagb-block-caa77241 alignfull uagb-is-root-container\"><div class=\"uagb-container-inner-blocks-wrap\">\n<div class=\"wp-block-uagb-advanced-heading uagb-block-f0a1a550\"><h2 class=\"uagb-heading-text\">Hotelaufl\u00f6sung leicht gemacht<\/h2><\/div>\n\n\n\n<p>Wir bieten Ihnen einen kompletten Entr\u00fcmpelungsservice f\u00fcr Ihr Hotel in Bochum und Umgebung an. Wir haben die n\u00f6tige Erfahrung und das n\u00f6tige Fachwissen, um Ihr Hotel schnell und effizient entr\u00fcmpeln zu k\u00f6nnen.<br>Unser Team von Studenten-Power \u00fcbernimmt nicht nur die Entr\u00fcmpelung des Hotels, sondern bietet auch eine Entkernung an, bei der alle geb\u00e4udetechnischen Anlagen, nichttragenden Innenw\u00e4nde, T\u00fcren und Deckenkonstruktionen entfernt werden.<\/p>\n\n\n\n<p>Die gr\u00fcndliche Grundreinigung ist in F\u00e4llen, wo ein Neuanfang stattfindet, unerl\u00e4sslich. Studenten-Power, Ihre professionelle Hotelentr\u00fcmpelung in Bochum, D\u00fcsseldorf, Dortmund und Essen, ist die richtige Wahl, weil wir alles Wertvolle zu Ihren Gunsten verrechnen. Wir entsorgen und transportieren Sonderstoffe, Problemstoffe, M\u00fcll und Sperrm\u00fcll gem\u00e4\u00df dem beh\u00f6rdlichen Abfallverzeichnis.<\/p>\n<\/div><\/div>\n\n\n\n<div class=\"wp-block-uagb-container uagb-block-54f4d23c alignfull uagb-is-root-container\"><div class=\"uagb-container-inner-blocks-wrap\">\n<div class=\"wp-block-uagb-container uagb-block-eba3efeb\">\n<div class=\"wp-block-uagb-container uagb-block-41bbd9d1 alignfull uagb-is-root-container\"><div class=\"uagb-container-inner-blocks-wrap\">\n<div class=\"wp-block-uagb-info-box uagb-block-cb0f451c uagb-infobox__content-wrap  uagb-infobox-icon-left-title uagb-infobox-left uagb-infobox-image-valign-middle\"><div class=\"uagb-ifb-content\"><div class=\"uagb-ifb-left-title-image\"><div class=\"uagb-ifb-image-content\"><img decoding=\"async\" src=\"https:\/\/www.studenten-power.de\/nrw\/wp-content\/uploads\/sites\/2\/2025\/07\/telefon.svg\" alt=\"Telefon Icon f\u00fcr Raum NRW\" width=\"60\" height=\"60\" loading=\"lazy\" title=\"\"><\/div><div class=\"uagb-ifb-title-wrap\"><p class=\"uagb-ifb-title\"><a href=\"tel:+4923441472449\">023441472449<\/a><strong>&nbsp;<\/strong> <strong>Hinweis<\/strong>: Unsere Entr\u00fcmpelungen sind <strong>kostenpflichtige<\/strong> Leistungen.<\/p><\/div><\/div><\/div><\/div>\n\n\n\n<div class=\"wp-block-uagb-info-box uagb-block-45cda799 uagb-infobox__content-wrap  uagb-infobox-icon-left-title uagb-infobox-left uagb-infobox-image-valign-middle\"><div class=\"uagb-ifb-content\"><div class=\"uagb-ifb-left-title-image\"><div class=\"uagb-ifb-image-content\"><img decoding=\"async\" src=\"https:\/\/www.studenten-power.de\/nrw\/wp-content\/uploads\/sites\/2\/2025\/07\/kontaktformular.svg\" alt=\"Kontaktformular NRW\" width=\"60\" height=\"60\" loading=\"lazy\" title=\"\"><\/div><div class=\"uagb-ifb-title-wrap\"><p class=\"uagb-ifb-title\"><a href=\"\/nrw\/kostenloses-angebot\/\">Kontaktformular<\/a><\/p><\/div><\/div><\/div><\/div>\n\n\n\n<div class=\"wp-block-uagb-info-box uagb-block-09adf1a4 uagb-infobox__content-wrap  uagb-infobox-icon-left-title uagb-infobox-left uagb-infobox-image-valign-middle\"><div class=\"uagb-ifb-content\"><div class=\"uagb-ifb-left-title-image\"><div class=\"uagb-ifb-image-content\"><img decoding=\"async\" src=\"https:\/\/www.studenten-power.de\/nrw\/wp-content\/uploads\/sites\/2\/2025\/07\/whatsapp.svg\" alt=\"whatsapp NRW\" width=\"60\" height=\"60\" loading=\"lazy\" title=\"\"><\/div><div class=\"uagb-ifb-title-wrap\"><p class=\"uagb-ifb-title\"><a href=\"\/nrw\/leistungen\/blitzangebot-nrw\/\">Blitzangebot via WhatsApp<\/a><\/p><\/div><\/div><\/div><\/div>\n<\/div><\/div>\n<\/div>\n\n\n\n<div class=\"wp-block-uagb-container uagb-block-d3298513\">\n<div class=\"wp-block-uagb-image uagb-block-636746a7 wp-block-uagb-image--layout-default wp-block-uagb-image--effect-static wp-block-uagb-image--align-none\"><figure class=\"wp-block-uagb-image__figure\"><img decoding=\"async\" srcset=\"https:\/\/www.studenten-power.de\/nrw\/wp-content\/uploads\/sites\/2\/2024\/03\/hotelaufloesung-bochum-duesseldorf-dortmund-essen.png ,https:\/\/www.studenten-power.de\/nrw\/wp-content\/uploads\/sites\/2\/2024\/03\/hotelaufloesung-bochum-duesseldorf-dortmund-essen.png 780w, https:\/\/www.studenten-power.de\/nrw\/wp-content\/uploads\/sites\/2\/2024\/03\/hotelaufloesung-bochum-duesseldorf-dortmund-essen.png 360w\" sizes=\"auto, (max-width: 480px) 150px\" src=\"https:\/\/www.studenten-power.de\/nrw\/wp-content\/uploads\/sites\/2\/2024\/03\/hotelaufloesung-bochum-duesseldorf-dortmund-essen.png\" alt=\"Hotelauflo\u00fcsung Bochum, D\u00fcsseldorf, Dortmund, Essen\" class=\"uag-image-21712\" width=\"500\" height=\"500\" title=\"\" loading=\"lazy\" role=\"img\"><\/figure><\/div>\n<\/div>\n<\/div><\/div>\n\n\n\n<div class=\"wp-block-uagb-container uagb-block-d14b7f1b alignfull uagb-is-root-container\"><div class=\"uagb-container-inner-blocks-wrap\">\n<div class=\"wp-block-uagb-advanced-heading uagb-block-7553f20d\"><h2 class=\"uagb-heading-text\"><strong>Wer oder was steckt hinter Studenten-Power?<\/strong><\/h2><\/div>\n\n\n\n<p>Wir m\u00f6chten unseren Service anbieten, weil wir es lieben Platz zu schaffen, ganz ohne Umwege: Egal wo, wie viel und wie schwer. Dies motiviert uns jeden Tag. Sie k\u00f6nnen sich auf eine schnelle, bequeme und besenreine Hotelaufl\u00f6sung freuen. Wir sind eine Entr\u00fcmpelungsfirma, die Ihre Hotelaufl\u00f6sung in Dortmund ebenso zuverl\u00e4ssig und schnell durchf\u00fchrt, wie in Bochum. Unsere Kunden sind mit unserer langen Firmengeschichte, unseren freundlichen Mitarbeitern und unseren g\u00fcnstigen Preisen zufrieden. Selbstverst\u00e4ndlich sind wir haftpflichtversichert und k\u00f6nnen, falls n\u00f6tig, Entsorgungsnachweise vorlegen.<\/p>\n\n\n\n<div class=\"wp-block-uagb-advanced-heading uagb-block-20fadc8d\"><h2 class=\"uagb-heading-text\"><strong>Welche Leistungen k\u00f6nnen Sie erwarten?<\/strong><\/h2><\/div>\n\n\n\n<p>Studenten-Power ist ein professionelles Unternehmen, dass sich u. a.auf die Hotelaufl\u00f6sung spezialisiert hat. Wir bieten unseren Service im Ruhrgebiet an und sind bem\u00fcht, unsere Arbeit schnell und sauber zu erledigen. Die Hotelaufl\u00f6sung umfasst das Entr\u00fcmpeln und Entsorgen des Hotels, sowie die Durchf\u00fchrung von handwerkliches Arbeiten. Wir sind f\u00fcr kleine und gro\u00dfe Hotels t\u00e4tig und nehmen uns gerne Ihres Problems an. Oft ist es n\u00f6tig, W\u00e4nde wieder aufzubauen, Teppiche zu entfernen und leichte Bauarbeiten durchzuf\u00fchren.<\/p>\n\n\n\n<div class=\"wp-block-uagb-advanced-heading uagb-block-2caacebd\"><h2 class=\"uagb-heading-text\"><strong>Warum wir?<\/strong><\/h2><\/div>\n\n\n\n<p>Die Kunden kommen zu Studenten-Power, weil unsere St\u00e4rke darin liegt Platz zu schaffen und das ganz egal wie schwer oder umfangreich das ist. Kein Einsatz ist zu gro\u00df oder zu klein f\u00fcr uns, das ist das, was uns jeden Tag antreibt. Genie\u00dfen Sie eine schnelle und saubere R\u00e4umung. Wir sind nur einen Klick entfernt. Seien Sie schlauer mit Studenten-Power.<\/p>\n<\/div><\/div>\n\n\n\n<div class=\"wp-block-uagb-container uagb-block-079de24d alignfull uagb-is-root-container\"><div class=\"uagb-container-inner-blocks-wrap\">\n<div class=\"wp-block-uagb-container uagb-block-6665ddcb\">\n<div class=\"wp-block-uagb-container uagb-block-41bbd9d1 alignfull uagb-is-root-container\"><div class=\"uagb-container-inner-blocks-wrap\">\n<div class=\"wp-block-uagb-info-box uagb-block-cb0f451c uagb-infobox__content-wrap  uagb-infobox-icon-left-title uagb-infobox-left uagb-infobox-image-valign-middle\"><div class=\"uagb-ifb-content\"><div class=\"uagb-ifb-left-title-image\"><div class=\"uagb-ifb-image-content\"><img decoding=\"async\" src=\"https:\/\/www.studenten-power.de\/nrw\/wp-content\/uploads\/sites\/2\/2025\/07\/telefon.svg\" alt=\"Telefon Icon f\u00fcr Raum NRW\" width=\"60\" height=\"60\" loading=\"lazy\" title=\"\"><\/div><div class=\"uagb-ifb-title-wrap\"><p class=\"uagb-ifb-title\"><a href=\"tel:+4923441472449\">023441472449<\/a><strong>&nbsp;<\/strong> <strong>Hinweis<\/strong>: Unsere Entr\u00fcmpelungen sind <strong>kostenpflichtige<\/strong> Leistungen.<\/p><\/div><\/div><\/div><\/div>\n\n\n\n<div class=\"wp-block-uagb-info-box uagb-block-45cda799 uagb-infobox__content-wrap  uagb-infobox-icon-left-title uagb-infobox-left uagb-infobox-image-valign-middle\"><div class=\"uagb-ifb-content\"><div class=\"uagb-ifb-left-title-image\"><div class=\"uagb-ifb-image-content\"><img decoding=\"async\" src=\"https:\/\/www.studenten-power.de\/nrw\/wp-content\/uploads\/sites\/2\/2025\/07\/kontaktformular.svg\" alt=\"Kontaktformular NRW\" width=\"60\" height=\"60\" loading=\"lazy\" title=\"\"><\/div><div class=\"uagb-ifb-title-wrap\"><p class=\"uagb-ifb-title\"><a href=\"\/nrw\/kostenloses-angebot\/\">Kontaktformular<\/a><\/p><\/div><\/div><\/div><\/div>\n\n\n\n<div class=\"wp-block-uagb-info-box uagb-block-09adf1a4 uagb-infobox__content-wrap  uagb-infobox-icon-left-title uagb-infobox-left uagb-infobox-image-valign-middle\"><div class=\"uagb-ifb-content\"><div class=\"uagb-ifb-left-title-image\"><div class=\"uagb-ifb-image-content\"><img decoding=\"async\" src=\"https:\/\/www.studenten-power.de\/nrw\/wp-content\/uploads\/sites\/2\/2025\/07\/whatsapp.svg\" alt=\"whatsapp NRW\" width=\"60\" height=\"60\" loading=\"lazy\" title=\"\"><\/div><div class=\"uagb-ifb-title-wrap\"><p class=\"uagb-ifb-title\"><a href=\"\/nrw\/leistungen\/blitzangebot-nrw\/\">Blitzangebot via WhatsApp<\/a><\/p><\/div><\/div><\/div><\/div>\n<\/div><\/div>\n<\/div>\n\n\n\n<div class=\"wp-block-uagb-container uagb-block-f2ececd2\">\n<p><strong>Schlauer<\/strong> &nbsp;mit Studenten-Power<\/p>\n\n\n\n<ul class=\"wp-block-list\">\n<li>Kostenlose Besichtigung &amp; kurzfristige Termine m\u00f6glich<\/li>\n\n\n\n<li>Mit&nbsp;Handwerker Dienstleistungen<\/li>\n\n\n\n<li>Aktenvernichtung gem\u00e4\u00df DIN 66399 (optional)<\/li>\n\n\n\n<li>Wir sind ARAG haftpflichtversichert<\/li>\n\n\n\n<li>Wir lassen in Deutschland B\u00e4ume pflanzen<\/li>\n<\/ul>\n<\/div>\n<\/div><\/div>\n\n\n\n<div class=\"wp-block-uagb-container uagb-block-abc38d47 alignfull uagb-is-root-container\"><div class=\"uagb-container-inner-blocks-wrap\">\n<div class=\"footer-pillars-nrw\">\n  <h3>Unsere Schwerpunkte in NRW<\/h3>\n  <p>\n    <a href=\"\/nrw\/\">Entr\u00fcmpelung NRW<\/a> \u00b7 \n    <a href=\"\/nrw\/haushaltsaufloesung\/\">Haushaltsaufl\u00f6sung NRW<\/a> \u00b7 \n    <a href=\"\/nrw\/bueroaufloesung-bochum\/\">B\u00fcroaufl\u00f6sung NRW<\/a> \u00b7 \n    <a href=\"\/nrw\/leistungen\/sperrmuell-nrw\/\">Sperrm\u00fcllabholung NRW<\/a> \u00b7 \n    <a href=\"\/nrw\/leistungen\/handwerker-dienstleistungen-nrw\/\">Handwerker-Service NRW<\/a>\n  <\/p>\n<\/div>\n<\/div><\/div>\n\n\n\n<div class=\"wp-block-uagb-container uagb-block-473cb4f4 alignfull uagb-is-root-container\"><div class=\"uagb-container-inner-blocks-wrap\">\n<div style=\"height:100px\" aria-hidden=\"true\" class=\"wp-block-spacer\"><\/div>\n\n\n<div class='fluentform ff-default fluentform_wrapper_4 ffs_default_wrap'><form data-form_id=\"4\" id=\"fluentform_4\" class=\"frm-fluent-form fluent_form_4 ff-el-form-top ff_form_instance_4_1 ff-form-loading ff_has_v3_recptcha ffs_default\" data-form_instance=\"ff_form_instance_4_1\" method=\"POST\" data-recptcha_key=\"6LdhmWIrAAAAAN_iy0OUZwj4Y5WUjQk5PZe-PJp9\" ><fieldset  style=\"border: none!important;margin: 0!important;padding: 0!important;background-color: transparent!important;box-shadow: none!important;outline: none!important; min-inline-size: 100%;\">\n                    <legend class=\"ff_screen_reader_title\" style=\"display: block; margin: 0!important;padding: 0!important;height: 0!important;text-indent: -999999px;width: 0!important;overflow:hidden;\">Customer Feedback Form<\/legend><input type='hidden' name='__fluent_form_embded_post_id' value='21610' \/><input type=\"hidden\" id=\"_fluentform_4_fluentformnonce\" name=\"_fluentform_4_fluentformnonce\" value=\"e43759dbd0\" \/><input type=\"hidden\" name=\"_wp_http_referer\" value=\"\/nrw\/wp-json\/wp\/v2\/pages\/21610\" \/><div class='ff-el-group'><div class=\"ff-el-input--label asterisk-right\"><label   aria-label=\"Konnten Sie die gesuchten Informationen auf dieser Seite finden?\">Konnten Sie die gesuchten Informationen auf dieser Seite finden?<\/label><\/div><div class='ff-el-input--content'><div class='ff-el-ratings jss-ff-el-ratings' role='radiogroup'><label for=service_rating_9c569eb216c3354921274e05ffb03fc7 class=''><input name=\"service_rating\" data-name=\"service_rating\" type=\"radio\"  id=service_rating_9c569eb216c3354921274e05ffb03fc7 aria-valuenow='1' value='1' aria-required=false aria-invalid='false'><?xml version=\"1.0\" encoding=\"iso-8859-1\"?><svg class=\"jss-ff-svg ff-svg\" version=\"1.1\" xmlns=\"http:\/\/www.w3.org\/2000\/svg\" xmlns:xlink=\"http:\/\/www.w3.org\/1999\/xlink\" x=\"0px\" y=\"0px\" viewBox=\"0 0 53.867 53.867\" style=\"enable-background:new 0 0 53.867 53.867;\" xml:space=\"preserve\"><polygon points=\"26.934,1.318 35.256,18.182 53.867,20.887 40.4,34.013 43.579,52.549 26.934,43.798 10.288,52.549 13.467,34.013 0,20.887 18.611,18.182 \"\/><g><\/g><g><\/g><g><\/g><g><\/g><g><\/g><g><\/g><g><\/g><g><\/g><g><\/g><g><\/g><g><\/g><g><\/g><g><\/g><g><\/g><g><\/g><\/svg><\/label><label for=service_rating_749209e991edf07776c3c10682e08622 class=''><input name=\"service_rating\" data-name=\"service_rating\" type=\"radio\"  id=service_rating_749209e991edf07776c3c10682e08622 aria-valuenow='2' value='2' aria-required=false aria-invalid='false'><?xml version=\"1.0\" encoding=\"iso-8859-1\"?><svg class=\"jss-ff-svg ff-svg\" version=\"1.1\" xmlns=\"http:\/\/www.w3.org\/2000\/svg\" xmlns:xlink=\"http:\/\/www.w3.org\/1999\/xlink\" x=\"0px\" y=\"0px\" viewBox=\"0 0 53.867 53.867\" style=\"enable-background:new 0 0 53.867 53.867;\" xml:space=\"preserve\"><polygon points=\"26.934,1.318 35.256,18.182 53.867,20.887 40.4,34.013 43.579,52.549 26.934,43.798 10.288,52.549 13.467,34.013 0,20.887 18.611,18.182 \"\/><g><\/g><g><\/g><g><\/g><g><\/g><g><\/g><g><\/g><g><\/g><g><\/g><g><\/g><g><\/g><g><\/g><g><\/g><g><\/g><g><\/g><g><\/g><\/svg><\/label><label for=service_rating_6acc8ff7a31e49faf1b592f3e45824b4 class=''><input name=\"service_rating\" data-name=\"service_rating\" type=\"radio\"  id=service_rating_6acc8ff7a31e49faf1b592f3e45824b4 aria-valuenow='3' value='3' aria-required=false aria-invalid='false'><?xml version=\"1.0\" encoding=\"iso-8859-1\"?><svg class=\"jss-ff-svg ff-svg\" version=\"1.1\" xmlns=\"http:\/\/www.w3.org\/2000\/svg\" xmlns:xlink=\"http:\/\/www.w3.org\/1999\/xlink\" x=\"0px\" y=\"0px\" viewBox=\"0 0 53.867 53.867\" style=\"enable-background:new 0 0 53.867 53.867;\" xml:space=\"preserve\"><polygon points=\"26.934,1.318 35.256,18.182 53.867,20.887 40.4,34.013 43.579,52.549 26.934,43.798 10.288,52.549 13.467,34.013 0,20.887 18.611,18.182 \"\/><g><\/g><g><\/g><g><\/g><g><\/g><g><\/g><g><\/g><g><\/g><g><\/g><g><\/g><g><\/g><g><\/g><g><\/g><g><\/g><g><\/g><g><\/g><\/svg><\/label><label for=service_rating_2f3fa8e15bf88761d7cd771a6e40dcd8 class=''><input name=\"service_rating\" data-name=\"service_rating\" type=\"radio\"  id=service_rating_2f3fa8e15bf88761d7cd771a6e40dcd8 aria-valuenow='4' value='4' aria-required=false aria-invalid='false'><?xml version=\"1.0\" encoding=\"iso-8859-1\"?><svg class=\"jss-ff-svg ff-svg\" version=\"1.1\" xmlns=\"http:\/\/www.w3.org\/2000\/svg\" xmlns:xlink=\"http:\/\/www.w3.org\/1999\/xlink\" x=\"0px\" y=\"0px\" viewBox=\"0 0 53.867 53.867\" style=\"enable-background:new 0 0 53.867 53.867;\" xml:space=\"preserve\"><polygon points=\"26.934,1.318 35.256,18.182 53.867,20.887 40.4,34.013 43.579,52.549 26.934,43.798 10.288,52.549 13.467,34.013 0,20.887 18.611,18.182 \"\/><g><\/g><g><\/g><g><\/g><g><\/g><g><\/g><g><\/g><g><\/g><g><\/g><g><\/g><g><\/g><g><\/g><g><\/g><g><\/g><g><\/g><g><\/g><\/svg><\/label><label for=service_rating_23696c15b80352f1da4164d8fe5cd4b8 class=''><input name=\"service_rating\" data-name=\"service_rating\" type=\"radio\"  id=service_rating_23696c15b80352f1da4164d8fe5cd4b8 aria-valuenow='5' value='5' aria-required=false aria-invalid='false'><?xml version=\"1.0\" encoding=\"iso-8859-1\"?><svg class=\"jss-ff-svg ff-svg\" version=\"1.1\" xmlns=\"http:\/\/www.w3.org\/2000\/svg\" xmlns:xlink=\"http:\/\/www.w3.org\/1999\/xlink\" x=\"0px\" y=\"0px\" viewBox=\"0 0 53.867 53.867\" style=\"enable-background:new 0 0 53.867 53.867;\" xml:space=\"preserve\"><polygon points=\"26.934,1.318 35.256,18.182 53.867,20.887 40.4,34.013 43.579,52.549 26.934,43.798 10.288,52.549 13.467,34.013 0,20.887 18.611,18.182 \"\/><g><\/g><g><\/g><g><\/g><g><\/g><g><\/g><g><\/g><g><\/g><g><\/g><g><\/g><g><\/g><g><\/g><g><\/g><g><\/g><g><\/g><g><\/g><\/svg><\/label><\/div><\/div><\/div><div class='ff-el-group'><div class=\"ff-el-input--label asterisk-right\"><label for='ff_4_feedback_comments' id='label_ff_4_feedback_comments' aria-label=\"Ihr Feedback\">Ihr Feedback<\/label><\/div><div class='ff-el-input--content'><textarea aria-required=\"false\" aria-labelledby=\"label_ff_4_feedback_comments\" name=\"feedback_comments\" id=\"ff_4_feedback_comments\" class=\"ff-el-form-control\" placeholder=\"Ihr Feedback ist anonym und wird nicht ver\u00f6ffentlicht.\" rows=\"3\" cols=\"2\" data-name=\"feedback_comments\" ><\/textarea><\/div><\/div><div class='ff-el-group ff-text-left ff_submit_btn_wrapper'><button type=\"submit\" class=\"ff-btn ff-btn-submit ff-btn-md ff_btn_style\"  aria-label=\"Absenden\">Absenden<\/button><\/div><\/fieldset><\/form><div id='fluentform_4_errors' class='ff-errors-in-stack ff_form_instance_4_1 ff-form-loading_errors ff_form_instance_4_1_errors'><\/div><\/div>            <script type=\"text\/javascript\">\n                window.fluent_form_ff_form_instance_4_1 = {\"id\":\"4\",\"settings\":{\"layout\":{\"labelPlacement\":\"top\",\"asteriskPlacement\":\"asterisk-right\",\"helpMessagePlacement\":\"with_label\",\"errorMessagePlacement\":\"inline\",\"cssClassName\":\"\"},\"restrictions\":{\"denyEmptySubmission\":{\"enabled\":false}}},\"form_instance\":\"ff_form_instance_4_1\",\"form_id_selector\":\"fluentform_4\",\"rules\":{\"service_rating\":{\"required\":{\"value\":false,\"message\":\"This field is required\",\"global_message\":\"This field is required\",\"global\":true}},\"feedback_comments\":{\"required\":{\"value\":false,\"message\":\"This field is required\",\"global_message\":\"This field is required\",\"global\":true}},\"g-recaptcha-response\":[]},\"debounce_time\":300};\n                            <\/script>\n            \n<\/div><\/div>\n","protected":false},"excerpt":{"rendered":"<p>Hotelaufl\u00f6sung leicht gemacht Wir bieten Ihnen einen kompletten Entr\u00fcmpelungsservice f\u00fcr Ihr Hotel in Bochum und Umgebung an. Wir haben die [&hellip;]<\/p>\n","protected":false},"author":2,"featured_media":0,"parent":21570,"menu_order":0,"comment_status":"open","ping_status":"open","template":"","meta":{"_uag_custom_page_level_css":"","site-sidebar-layout":"default","site-content-layout":"","ast-site-content-layout":"","site-content-style":"default","site-sidebar-style":"default","ast-global-header-display":"","ast-banner-title-visibility":"","ast-main-header-display":"","ast-hfb-above-header-display":"","ast-hfb-below-header-display":"","ast-hfb-mobile-header-display":"","site-post-title":"","ast-breadcrumbs-content":"","ast-featured-img":"","footer-sml-layout":"","theme-transparent-header-meta":"","adv-header-id-meta":"","stick-header-meta":"","header-above-stick-meta":"","header-main-stick-meta":"","header-below-stick-meta":"","astra-migrate-meta-layouts":"default","ast-page-background-enabled":"default","ast-page-background-meta":{"desktop":{"background-color":"var(--ast-global-color-4)","background-image":"","background-repeat":"repeat","background-position":"center center","background-size":"auto","background-attachment":"scroll","background-type":"","background-media":"","overlay-type":"","overlay-color":"","overlay-opacity":"","overlay-gradient":""},"tablet":{"background-color":"","background-image":"","background-repeat":"repeat","background-position":"center center","background-size":"auto","background-attachment":"scroll","background-type":"","background-media":"","overlay-type":"","overlay-color":"","overlay-opacity":"","overlay-gradient":""},"mobile":{"background-color":"","background-image":"","background-repeat":"repeat","background-position":"center center","background-size":"auto","background-attachment":"scroll","background-type":"","background-media":"","overlay-type":"","overlay-color":"","overlay-opacity":"","overlay-gradient":""}},"ast-content-background-meta":{"desktop":{"background-color":"var(--ast-global-color-5)","background-image":"","background-repeat":"repeat","background-position":"center center","background-size":"auto","background-attachment":"scroll","background-type":"","background-media":"","overlay-type":"","overlay-color":"","overlay-opacity":"","overlay-gradient":""},"tablet":{"background-color":"var(--ast-global-color-5)","background-image":"","background-repeat":"repeat","background-position":"center center","background-size":"auto","background-attachment":"scroll","background-type":"","background-media":"","overlay-type":"","overlay-color":"","overlay-opacity":"","overlay-gradient":""},"mobile":{"background-color":"var(--ast-global-color-5)","background-image":"","background-repeat":"repeat","background-position":"center center","background-size":"auto","background-attachment":"scroll","background-type":"","background-media":"","overlay-type":"","overlay-color":"","overlay-opacity":"","overlay-gradient":""}},"footnotes":""},"class_list":["post-21610","page","type-page","status-publish","hentry"],"uagb_featured_image_src":{"full":false,"thumbnail":false,"medium":false,"medium_large":false,"large":false,"1536x1536":false,"2048x2048":false},"uagb_author_info":{"display_name":"Power-Redakteur","author_link":"https:\/\/www.studenten-power.de\/nrw\/author\/merttuerk\/"},"uagb_comment_info":0,"uagb_excerpt":"Hotelaufl\u00f6sung leicht gemacht Wir bieten Ihnen einen kompletten Entr\u00fcmpelungsservice f\u00fcr Ihr Hotel in Bochum und Umgebung an. Wir haben die [&hellip;]","_links":{"self":[{"href":"https:\/\/www.studenten-power.de\/nrw\/wp-json\/wp\/v2\/pages\/21610","targetHints":{"allow":["GET"]}}],"collection":[{"href":"https:\/\/www.studenten-power.de\/nrw\/wp-json\/wp\/v2\/pages"}],"about":[{"href":"https:\/\/www.studenten-power.de\/nrw\/wp-json\/wp\/v2\/types\/page"}],"author":[{"embeddable":true,"href":"https:\/\/www.studenten-power.de\/nrw\/wp-json\/wp\/v2\/users\/2"}],"replies":[{"embeddable":true,"href":"https:\/\/www.studenten-power.de\/nrw\/wp-json\/wp\/v2\/comments?post=21610"}],"version-history":[{"count":0,"href":"https:\/\/www.studenten-power.de\/nrw\/wp-json\/wp\/v2\/pages\/21610\/revisions"}],"up":[{"embeddable":true,"href":"https:\/\/www.studenten-power.de\/nrw\/wp-json\/wp\/v2\/pages\/21570"}],"wp:attachment":[{"href":"https:\/\/www.studenten-power.de\/nrw\/wp-json\/wp\/v2\/media?parent=21610"}],"curies":[{"name":"wp","href":"https:\/\/api.w.org\/{rel}","templated":true}]}}